{"id":26135,"date":"2022-07-28T01:04:04","date_gmt":"2022-07-27T23:04:04","guid":{"rendered":"https:\/\/accepta-stb.de\/?page_id=26135"},"modified":"2022-12-07T18:37:56","modified_gmt":"2022-12-07T17:37:56","slug":"aktuelles","status":"publish","type":"page","link":"https:\/\/accepta-stb.de\/?page_id=26135","title":{"rendered":"Aktuelles"},"content":{"rendered":"\t\t<div data-elementor-type=\"wp-page\" data-elementor-id=\"26135\" class=\"elementor elementor-26135\">\n\t\t\t\t\t\t<section class=\"elementor-section elementor-top-section elementor-element elementor-element-83746e8 elementor-section-height-min-height elementor-section-boxed elementor-section-height-default elementor-section-items-middle\" data-id=\"83746e8\" data-element_type=\"section\" data-e-type=\"section\" data-settings=\"{&quot;background_background&quot;:&quot;classic&quot;}\">\n\t\t\t\t\t\t\t<div class=\"elementor-background-overlay\"><\/div>\n\t\t\t\t\t\t\t<div class=\"elementor-container elementor-column-gap-default\">\n\t\t\t\t\t<div class=\"elementor-column elementor-col-100 elementor-top-column elementor-element elementor-element-09faee3\" data-id=\"09faee3\" data-element_type=\"column\" data-e-type=\"column\">\n\t\t\t<div class=\"elementor-widget-wrap elementor-element-populated\">\n\t\t\t\t\t\t<div class=\"elementor-element elementor-element-c7152a9 elementor-widget elementor-widget-heading\" data-id=\"c7152a9\" data-element_type=\"widget\" data-e-type=\"widget\" data-widget_type=\"heading.default\">\n\t\t\t\t<div class=\"elementor-widget-container\">\n\t\t\t\t\t<h1 class=\"elementor-heading-title elementor-size-default\">Aktuelles<\/h1>\t\t\t\t<\/div>\n\t\t\t\t<\/div>\n\t\t\t\t\t<\/div>\n\t\t<\/div>\n\t\t\t\t\t<\/div>\n\t\t<\/section>\n\t\t\t\t<section class=\"elementor-section elementor-top-section elementor-element elementor-element-fc7f41f elementor-section-boxed elementor-section-height-default elementor-section-height-default\" data-id=\"fc7f41f\" data-element_type=\"section\" data-e-type=\"section\">\n\t\t\t\t\t\t<div class=\"elementor-container elementor-column-gap-default\">\n\t\t\t\t\t<div class=\"elementor-column elementor-col-100 elementor-top-column elementor-element elementor-element-87f9424\" data-id=\"87f9424\" data-element_type=\"column\" data-e-type=\"column\">\n\t\t\t<div class=\"elementor-widget-wrap elementor-element-populated\">\n\t\t\t\t\t\t<div class=\"elementor-element elementor-element-5bf9569 elementor-widget elementor-widget-heading\" data-id=\"5bf9569\" data-element_type=\"widget\" data-e-type=\"widget\" data-widget_type=\"heading.default\">\n\t\t\t\t<div class=\"elementor-widget-container\">\n\t\t\t\t\t<h3 class=\"elementor-heading-title elementor-size-default\">Ausgew\u00e4hlte F\u00e4lle aus unserer Beratungspraxis in den Jahren 2021 und 2022<\/h3>\t\t\t\t<\/div>\n\t\t\t\t<\/div>\n\t\t\t\t<div class=\"elementor-element elementor-element-a8cb932 elementor-widget elementor-widget-toggle\" data-id=\"a8cb932\" data-element_type=\"widget\" data-e-type=\"widget\" data-widget_type=\"toggle.default\">\n\t\t\t\t<div class=\"elementor-widget-container\">\n\t\t\t\t\t\t\t<div class=\"elementor-toggle\">\n\t\t\t\t\t\t\t<div class=\"elementor-toggle-item\">\n\t\t\t\t\t<div id=\"elementor-tab-title-1761\" class=\"elementor-tab-title\" data-tab=\"1\" role=\"button\" aria-controls=\"elementor-tab-content-1761\" aria-expanded=\"false\">\n\t\t\t\t\t\t\t\t\t\t\t\t<span class=\"elementor-toggle-icon elementor-toggle-icon-left\" aria-hidden=\"true\">\n\t\t\t\t\t\t\t\t\t\t\t\t\t\t\t<span class=\"elementor-toggle-icon-closed\"><i class=\"fas fa-caret-right\"><\/i><\/span>\n\t\t\t\t\t\t\t\t<span class=\"elementor-toggle-icon-opened\"><i class=\"elementor-toggle-icon-opened fas fa-caret-up\"><\/i><\/span>\n\t\t\t\t\t\t\t\t\t\t\t\t\t<\/span>\n\t\t\t\t\t\t\t\t\t\t\t\t<a class=\"elementor-toggle-title\" tabindex=\"0\">Ein Tauschgesch\u00e4ft kann steuerlich vorteilhafter sein als ein Kaufvertrag<\/a>\n\t\t\t\t\t<\/div>\n\n\t\t\t\t\t<div id=\"elementor-tab-content-1761\" class=\"elementor-tab-content elementor-clearfix\" data-tab=\"1\" role=\"region\" aria-labelledby=\"elementor-tab-title-1761\"><p><strong>Auktionshaus Alfred Flechtheim GmbH (Stammkapital T\u20ac 50,0) mit dem Teilbetrieb Kunstauktionen (Dienstleistungen) und dem Teilbetrieb Kunsthandel (Handelsbetrieb) regelt die Nachfolge nach dem aus Altersgr\u00fcnden ausscheidungswilligen Gr\u00fcnder A.F. (Gesch\u00e4ftsanteile von T\u20ac 25,0 \u2013 75 Jahre alt) durch den Erwerb eigener Gesch\u00e4ftsanteile von A.F. im Tausch gegen die \u00dcbertragung des Teilbetriebs Kunsthandel.<\/strong><\/p><p><strong>A.F. verpachtet den Kunsthandel an die Auktionshaus A.F. GmbH mit der verbliebenen Gesellschafterin B.F. (seiner Tochter &#8211; 48 Jahre alt \u2013 Gesch\u00e4ftsanteile T\u20ac 25,0) f\u00fcr eine j\u00e4hrliche Pacht von T\u20ac 60,0 (monatlich T\u20ac 5,0).<\/strong><\/p><p><strong>Die Gesellschafterin B.F. erwirbt die eigenen Gesch\u00e4ftsanteile der GmbH zu dem Buchwert des Kunsthandels (T\u20ac 100,0) und hat keine h\u00f6heren Anschaffungskosten als T\u20ac 100,0 f\u00fcr die Gesch\u00e4ftsanteile im Nennwert von T\u20ac 25,0.<\/strong><\/p><p><strong>Der Verkehrswert des Kunsthandels betr\u00e4gt T\u20ac 300,0. A.F. muss den Ver\u00e4u\u00dferungsgewinn nach \u00a7 17 EStG von T\u20ac 275,0 nach dem Teileink\u00fcnfte-Verfahren (60,0%) versteuern. A.F. zieht von den steuerpflichtigen j\u00e4hrlichen gewerblichen Pachteinnahmen die Abschreibungen f\u00fcr den erworbenen Kunsthandel ab. Der Gewerbesteuerfreibetrag betr\u00e4gt T\u20ac 24,5. Die Altersversorgung des Gesellschafters A.F. ist gesichert.<\/strong><\/p><p><strong>Die A.F. GmbH bleibt zu Recht steuerfrei, weil A.F. die stillen Reserven des Kunsthandels, die auf seine Gesch\u00e4ftsanteile \u00fcbergegangen sind, nach \u00a7 17 EStG versteuern muss. Deshalb darf B.F. bei der Wiederausgabe der eigenen Gesch\u00e4ftsanteile durch die A.F. GmbH zum Buchwert des Kunsthandels von T\u20ac 100,0 erwerben.<\/strong><\/p><p><strong>Die stillen Reserven des Kunsthandels der A.F. GmbH von T\u20ac 200,0 sind stillschweigend auf die getauschten Gesch\u00e4ftsanteile des A.F. im Nennwert von T\u20ac 25,0 \u00fcbergegangen.<\/strong><\/p><p><strong>Rechtsgrundlagen dieser L\u00f6sung:<br \/><\/strong><strong style=\"font-size: 16px;\"><strong>\u00a7 <\/strong>272 Abs. 1a und 1b HGB BilMoG 2009 und BMF-Schreiben vom 27.11.2013 \u2013 BStBl. 2013 I, Seite 1615 ff.<\/strong><\/p><p><strong>Diese Nachfolgeregelung durch Einsatz eines Tauschgesch\u00e4ftes mit einer Buchwertfortf\u00fchrung f\u00fcr die Gesellschafterin B au\u00dferhalb des Umwandlungssteuergesetzes in einer GmbH kann auch mit Grundst\u00fccken und mit anderen Einzelwirtschaftsg\u00fctern, die erhebliche stillen Reserven enthalten, durchgef\u00fchrt werden.<\/strong><\/p><p><strong>Der Gesellschafter A.F. h\u00e4tte als Gegenleistung f\u00fcr die \u00dcbertragung der Gesch\u00e4ftsanteile an die GmbH auch ein wertvolles Bild mit einer entsprechenden Wertsteigerung seit der Anschaffung verlangen k\u00f6nnen. Das Bild h\u00e4tte er au\u00dferhalb der Haltefrist von einem Jahr steuerfrei ver\u00e4u\u00dfern k\u00f6nnen.<\/strong><\/p><\/div>\n\t\t\t\t<\/div>\n\t\t\t\t\t\t\t<div class=\"elementor-toggle-item\">\n\t\t\t\t\t<div id=\"elementor-tab-title-1762\" class=\"elementor-tab-title\" data-tab=\"2\" role=\"button\" aria-controls=\"elementor-tab-content-1762\" aria-expanded=\"false\">\n\t\t\t\t\t\t\t\t\t\t\t\t<span class=\"elementor-toggle-icon elementor-toggle-icon-left\" aria-hidden=\"true\">\n\t\t\t\t\t\t\t\t\t\t\t\t\t\t\t<span class=\"elementor-toggle-icon-closed\"><i class=\"fas fa-caret-right\"><\/i><\/span>\n\t\t\t\t\t\t\t\t<span class=\"elementor-toggle-icon-opened\"><i class=\"elementor-toggle-icon-opened fas fa-caret-up\"><\/i><\/span>\n\t\t\t\t\t\t\t\t\t\t\t\t\t<\/span>\n\t\t\t\t\t\t\t\t\t\t\t\t<a class=\"elementor-toggle-title\" tabindex=\"0\">Vermeidung eines privaten Ver\u00e4u\u00dferungsgewinns nach \u00a7 23 Abs. 1 Satz 1 Nr. 1 und Abs. 3 EStG durch Bestellung eines Erbbaurechts an einem bebauten Grundst\u00fcck; Ver\u00e4u\u00dferer ist die GbR als Grundst\u00fcckserwerberin, die das angeschaffte Grundst\u00fcck mit einem wertvollen Geb\u00e4ude bebaut hat<\/a>\n\t\t\t\t\t<\/div>\n\n\t\t\t\t\t<div id=\"elementor-tab-content-1762\" class=\"elementor-tab-content elementor-clearfix\" data-tab=\"2\" role=\"region\" aria-labelledby=\"elementor-tab-title-1762\"><p><strong>Drei Br\u00fcder als Gesellschafter einer Gesellschaft b\u00fcrgerlichen Rechts (GbR) sitzen mit dem von der GbR erworbenen Grundst\u00fcck, das die Gesellschaft mit einem Mietshaus und einem Supermarkt bebaut hat, in der \u00a7 23 EStG \u2013 Falle. Bei einem Verkauf des bebauten Grundst\u00fccks innerhalb der Haltefrist von zehn Jahren ist der Ver\u00e4u\u00dferungsgewinn anteilig f\u00fcr alle drei Br\u00fcder einkommensteuerpflichtig.<\/strong><\/p><p>\u00a0<\/p><p><strong>Ein Investor bietet den drei Br\u00fcdern f\u00fcr das bebaute Grundst\u00fcck einen Kaufpreis, welcher mehr als dem dreifachen Wert der Summe der Anschaffungskosten des Grundst\u00fccks und der Herstellungskosten des Geb\u00e4udes entspricht (\u20ac 10,0 Mio.). Der Supermarkt wurde am 1.1.2018 in Betrieb genommen. Die Wohnungen konnte seit dem 1.1.2018 vermietet werden. Die Haltefrist von zehn Jahren ist am 2.1.2028 abgelaufen.<\/strong><\/p><p>\u00a0<\/p><p><strong>Bei einem Verkauf des Grundst\u00fccks im Jahr 2022 w\u00fcrden auf die drei Br\u00fcder nach \u00a7 23 EStG Einkommensteuern und sogar Kirchensteuern von insgesamt rd. \u20ac 10,0 Mio. zukommen (das ist rd. 1\/3 des angebotenen Kaufpreises f\u00fcr das bebaute Grundst\u00fcck).<\/strong><\/p><p>\u00a0<\/p><p><strong>Ist diese Steuerpflicht der Gesellschafter der GbR durch eine Gestaltungsvereinbarung mit dem Investor vermeidbar?<\/strong><\/p><p><strong>Ja!<\/strong><\/p><p><strong>Dem Investor bzw. seiner Gesellschaft wird zum 1.1.2023 ein Erbbaurecht f\u00fcr 35 Jahre bestellt. Die erbbauberechtigte Gesellschaft wird zivilrechtliche und wirtschaftliche Eigent\u00fcmerin des Geb\u00e4udes und entrichtet eine Entsch\u00e4digung von \u20ac 20,0 Mio. nur f\u00fcr den Erwerb des Geb\u00e4udes durch die Erbbaurechtsbestellung.<\/strong><\/p><p>\u00a0<\/p><p><strong>Die vereinnahmte Entsch\u00e4digung f\u00fcr das Geb\u00e4ude ist f\u00fcr die Gesellschafter der GbR steuerfrei. Die erstmalige Bestellung eines Erbbaurechts ist keine Anschaffung eines grundst\u00fccksgleichen Rechts (Rechtsgrundlagen: BFH Urteil vom 8.11.2017 \u2013 IX R 25\/15 \u2013 BStBl.2018 II, Seite 132 ff, Anmerkungen von Weber-Grellet in FR 2018, Seite 612 und Winkler \/Schl\u00f6gel, Erbbaurecht, 7. Aufl. 2021, \u00a7 10 Rn. 106 und 107). Das Geb\u00e4ude haben die Gesellschafter nicht angeschafft, sondern hergestellt. Die Entsch\u00e4digung wurde nicht f\u00fcr die Bestellung des Erbbaurechts gezahlt, sondern f\u00fcr den Erwerb des Geb\u00e4udes als Teil des Erbbaurechts (vgl. \u00a7 12 Abs. 1 Satz 2 ErbbauRG \u2013 Erbbaurecht an einem bebauten Grundst\u00fcck).<\/strong><\/p><p>\u00a0<\/p><p><strong>Die GbR r\u00e4umt im Jahr 2022 dem Investor oder einer anderen Gesellschaft des Investors ein aufschiebend bedingtes Ankaufsrecht zum Erwerb des Grundst\u00fccks, das in dem Zeitraum vom 1.7.2028 bis zum 31.12.2028 angenommen werden kann. Daf\u00fcr erh\u00e4lt die GbR ein j\u00e4hrliches Bindungsentgelt, das von den Gesellschaftern der GbR versteuert werden muss. Das dem Investor einger\u00e4umte aufschiebend bedingte Ankaufsrecht macht diesen nicht zum wirtschaftlichen Eigent\u00fcmer des Grundst\u00fccks.<\/strong><\/p><p>\u00a0<\/p><p><strong>Entrichtet die erbbauberechtigte Gesellschaft des Investors keine Entsch\u00e4digung f\u00fcr das Geb\u00e4ude, sondern einen erh\u00f6hten Erbbauzins von T\u20ac 1,3 Mio. p.a. ist der Anteil des j\u00e4hrlich entrichteten Erbbauzinses, der auf das Geb\u00e4ude entf\u00e4llt, von angenommen \u20ac 1,0 Mio. f\u00fcr die Gesellschafter der GbR steuerfrei. F\u00fcr die Gesellschafter ist nur der markt\u00fcbliche Erbbauzins, der auf den Grund und Boden entf\u00e4llt (\u20ac 0,3 Mio.), einkommensteuerpflichtig.<\/strong><\/p><\/div>\n\t\t\t\t<\/div>\n\t\t\t\t\t\t\t<div class=\"elementor-toggle-item\">\n\t\t\t\t\t<div id=\"elementor-tab-title-1763\" class=\"elementor-tab-title\" data-tab=\"3\" role=\"button\" aria-controls=\"elementor-tab-content-1763\" aria-expanded=\"false\">\n\t\t\t\t\t\t\t\t\t\t\t\t<span class=\"elementor-toggle-icon elementor-toggle-icon-left\" aria-hidden=\"true\">\n\t\t\t\t\t\t\t\t\t\t\t\t\t\t\t<span class=\"elementor-toggle-icon-closed\"><i class=\"fas fa-caret-right\"><\/i><\/span>\n\t\t\t\t\t\t\t\t<span class=\"elementor-toggle-icon-opened\"><i class=\"elementor-toggle-icon-opened fas fa-caret-up\"><\/i><\/span>\n\t\t\t\t\t\t\t\t\t\t\t\t\t<\/span>\n\t\t\t\t\t\t\t\t\t\t\t\t<a class=\"elementor-toggle-title\" tabindex=\"0\">Ehevertragliche G\u00fcterstandschaukel<\/a>\n\t\t\t\t\t<\/div>\n\n\t\t\t\t\t<div id=\"elementor-tab-content-1763\" class=\"elementor-tab-content elementor-clearfix\" data-tab=\"3\" role=\"region\" aria-labelledby=\"elementor-tab-title-1763\"><h5><strong>Sachverhalt:<\/strong><\/h5><p><strong>Der Unternehmer U ist seit 20 Jahren mit der Ehefrau E verheiratet und hat ein wesentlich h\u00f6heres Verm\u00f6gen als seine Ehefrau. Einen Ehevertrag haben U und E nicht abgeschlossen. Die pers\u00f6nlichen Freibetr\u00e4ge der beiden erwachsenen Kinder der Eheleute von jeweils T\u20ac 400,0 hat U durch Schenkungen von Eigentumswohnungen (ETW) bereits ausgesch\u00f6pft.<\/strong><\/p><p>\u00a0<\/p><p><strong>Das Anfangsverm\u00f6gen bei Beginn der Ehe wird mit \u20ac 0,00 angenommen. Die Eheleute haben bei Beginn der Ehe kein Verm\u00f6gensverzeichnis aufgestellt.<\/strong><\/p><p>\u00a0<\/p><p><strong>U hat im Jahr 2021 E Gesch\u00e4ftsanteile von 12,0% (nominal T\u20ac 3,0) seiner GmbH mit dem gemeinen Wert von T\u20ac 200,0 durch Schenkungen \u00fcbertragen und ihr abgetreten. Die vom Finanzamt Sch\u00f6neberg festgestellten Steuerwerte der Schenkungen haben im Jahr 2021 den pers\u00f6nlichen Freibetrag von E f\u00fcr Schenkungen von T\u20ac 500,0 auf T\u20ac 300,0 gemindert.<\/strong><\/p><p>\u00a0<\/p><p><strong>Auf den Bewertungsstichtag 1.10.2022 wird das Verm\u00f6gen von U mit dem Wert von \u20ac 5,0 Mio. ermittelt. Das Verm\u00f6gen der E betr\u00e4gt T\u20ac 200,0. Es handelt sich um die durch die Schenkungen von U erworbenen Gesch\u00e4ftsanteile der E.<\/strong><\/p><p>\u00a0<\/p><p><strong>U hat daher auf den Stichtag 1.10.2022 einen um T\u20ac 4.800,0 (T\u20ac 5.000,.0 \u2013 T\u20ac 200,0) h\u00f6heren Zugewinn als E w\u00e4hrend der zwanzigj\u00e4hrigen Ehe erzielt.<\/strong><\/p><p>\u00a0<\/p><h5>\u00a0<\/h5><h5><strong>Zur G\u00fcterstandschaukel und zum Zugewinnausgleich:<\/strong><\/h5><p><strong>Am 1.10.2022 schlie\u00dfen U und E vor ihrem Hausnotar einen Ehevertrag ab. In dem Ehevertrag heben sie den gesetzlichen G\u00fcterstand der Zugewinngemeinschaft auf und vereinbaren ab sofort den G\u00fcterstand der G\u00fctertrennung. Der Zugewinnausgleich wird in dem Notariat sofort durchgef\u00fchrt. Der Anspruch der E auf den Zugewinnausgleich in Geld wird mit T\u20ac 2.400,0 (50,0% von T\u20ac 4.800,0) festgestellt.<\/strong><\/p><p>\u00a0<\/p><p><strong>In dem Ehevertrag wird vereinbart, dass die Schenkungen von U aus dem Jahr 2021 von T\u20ac 200,0 nachtr\u00e4glich als erhaltene Vorausempf\u00e4nge auf den Anspruch auf den Zugewinnausgleich angerechnet werden. Die Schenkung wird daher r\u00fcckg\u00e4ngig gemacht. Der pers\u00f6nliche Freibetrag der E f\u00fcr Schenkungen von U betr\u00e4gt wieder T\u20ac 500,0. Die Forderung der E auf den Zugewinnausgleich vermindert sich auf T\u20ac 2.200,0.<\/strong><\/p><p>\u00a0<\/p><p><strong>Zur Tilgung des danach verbleibenden Anspruchs in Geld auf den Ausgleich des Zugewinns der E von T\u20ac 2.200,0 \u00fcbertr\u00e4gt U in dem Ehevertrag der E in notariell beurkundeter Form drei ETW mit Verkehrswerten von insgesamt T\u20ac 800,0 an Erf\u00fcllungsstatt. Alle drei ETW hatte U schon vor mehr als zehn Jahren erworben. Weitere ETW, welche er vor weniger als zehn Jahren erworben hatte, kamen zur \u00dcbertragung an E nicht in Betracht. Andernfalls w\u00e4re f\u00fcr U ein steuerpflichtiger privater Ver\u00e4u\u00dferungsgewinn nach \u00a7 23 EStG entstanden.<\/strong><\/p><p>\u00a0<\/p><p><strong>Der verbleibende Anspruch der E auf den Zugewinnausgleich betr\u00e4gt nach der \u00dcbertragung der drei ETW noch T\u20ac 1.400,0 und ist bis zur Tilgung von U angemessen zu verzinsen.<\/strong><\/p><p>\u00a0<\/p><p><strong>Nach \u00a7 5 Abs. 2 ErbStG f\u00fchrt der Zugewinnausgleich weder zu einer Schenkung noch zu einem Erwerb von Todes wegen des ausgleichsberechtigten Ehegatten, hier E.<\/strong><\/p><p>\u00a0<\/p><p><strong>Die am 1.10.2022 erworbenen ETW kann E an die gemeinsamen Kinder weiter verschenken, wobei jedes der erwachsenen Kinder den Freibetrag von T\u20ac 400,0 nach der Mutter geltend machen kann.<\/strong><\/p><p>\u00a0<\/p><h5>\u00a0<\/h5><h5><strong>R\u00fcckkehr zur Zugewinngemeinschaft im gleichen Notariat:<\/strong><\/h5><p><strong>In der gleichen Urkunde vor ihrem Hausnotar kehren die Eheleute danach wieder zum G\u00fcterstand der Zugewinngemeinschaft, aber in einer modifizierten Form zur\u00fcck.<\/strong><\/p><p>\u00a0<\/p><p><strong>Bei der Modifizierung des G\u00fcterstands f\u00fcr die Zukunft nach der erneuten R\u00fcckkehr zur Zugewinngemeinschaft d\u00fcrfen die Eheleute frei vereinbaren, dass bestimmte Verm\u00f6gensgegenst\u00e4nde und insbesondere deren Wertsteigerungen den jeweiligen zuk\u00fcnftigen Zugewinn der Ehegatten nicht erh\u00f6hen d\u00fcrfen.<\/strong><\/p><p>\u00a0<\/p><p><strong>So werden bestimmte und im Ehevertrag ausdr\u00fccklich benannte Verm\u00f6gensgegenst\u00e4nde der Ehegatten aus dem zuk\u00fcnftigen Zugewinnausgleich herausgenommen.<\/strong><\/p><p>\u00a0<\/p><p><strong>Dazu geh\u00f6rt zwangsl\u00e4ufig das von den Eheleuten selbst genutzte Familienheim. Nach dem Sachverhalt steht das Familienheim im Alleineigentum von U stehen. In dem notariell beurkundeten Ehevertrag kann U der E bereits versprechen, dass er ihr das Familienheim demn\u00e4chst schenken werde.<\/strong><\/p><p>\u00a0<\/p><p><strong>Die Zuwendung des Familienheims durch U an die Ehefrau E ist nach \u00a7 13 Abs. 1 Nr. 4a ErbStG steuerfrei und kann daher den pers\u00f6nlichen Freibetrag der Ehefrau von T\u20ac 500,0 f\u00fcr weitere Schenkungen nicht mindern. Nach der Befreiungsvorschrift ist die Ehefrau nicht verpflichtet, das Familienheim eine bestimmte Zeit zu behalten. Sie kann es sofort ver\u00e4u\u00dfern, wenn die Eheleute in ein neues gr\u00f6\u00dferes Familienheim umziehen wollen.<\/strong><\/p><p>\u00a0<\/p><p><strong>In dem neuen Ehevertrag ist insbesondere zu regeln, dass ein Zugewinnausgleich nur bei Beendigung des G\u00fcterstands durch Tod stattfinden soll. F\u00fcr den Fall der Ehescheidung wird bei Unternehmern im Regelfall ein Zugewinnausgleich vollst\u00e4ndig ausgeschlossen oder auf einen f\u00fcr die Unternehmen des U ertr\u00e4glichen H\u00f6chstbetrag begrenzt.<\/strong><\/p><p>\u00a0<\/p><p><strong>F\u00fcr die sp\u00e4ter anstehende n\u00e4chste G\u00fcterstandschaukel nach dem Ablauf einer angemessenen Zeit kann der zuk\u00fcnftige Anspruch der Ehefrau auf einen Ausgleich des Zugewinns auf einen bestimmte Wert begrenzt werden.<\/strong><\/p><\/div>\n\t\t\t\t<\/div>\n\t\t\t\t\t\t\t\t<\/div>\n\t\t\t\t\t\t<\/div>\n\t\t\t\t<\/div>\n\t\t\t\t\t<\/div>\n\t\t<\/div>\n\t\t\t\t\t<\/div>\n\t\t<\/section>\n\t\t\t\t<\/div>\n\t\t","protected":false},"excerpt":{"rendered":"<p>Aktuelles Ausgew\u00e4hlte F\u00e4lle aus unserer Beratungspraxis in den Jahren 2021 und 2022 Ein Tauschgesch\u00e4ft kann steuerlich vorteilhafter sein als ein Kaufvertrag Auktionshaus Alfred Flechtheim GmbH (Stammkapital T\u20ac 50,0) mit dem Teilbetrieb Kunstauktionen (Dienstleistungen) und dem Teilbetrieb Kunsthandel (Handelsbetrieb) regelt die Nachfolge nach dem aus Altersgr\u00fcnden ausscheidungswilligen Gr\u00fcnder A.F. (Gesch\u00e4ftsanteile von T\u20ac 25,0 \u2013 75 Jahre [&hellip;]<\/p>\n","protected":false},"author":1,"featured_media":0,"parent":0,"menu_order":0,"comment_status":"closed","ping_status":"closed","template":"","meta":{"site-sidebar-layout":"no-sidebar","site-content-layout":"page-builder","ast-site-content-layout":"default","site-content-style":"default","site-sidebar-style":"default","ast-global-header-display":"","ast-banner-title-visibility":"","ast-main-header-display":"","ast-hfb-above-header-display":"","ast-hfb-below-header-display":"","ast-hfb-mobile-header-display":"","site-post-title":"disabled","ast-breadcrumbs-content":"","ast-featured-img":"disabled","footer-sml-layout":"","ast-disable-related-posts":"","theme-transparent-header-meta":"enabled","adv-header-id-meta":"","stick-header-meta":"","header-above-stick-meta":"","header-main-stick-meta":"","header-below-stick-meta":"","astra-migrate-meta-layouts":"default","ast-page-background-enabled":"default","ast-page-background-meta":{"desktop":{"background-color":"var(--ast-global-color-4)","background-image":"","background-repeat":"repeat","background-position":"center center","background-size":"auto","background-attachment":"scroll","background-type":"","background-media":"","overlay-type":"","overlay-color":"","overlay-opacity":"","overlay-gradient":""},"tablet":{"background-color":"","background-image":"","background-repeat":"repeat","background-position":"center center","background-size":"auto","background-attachment":"scroll","background-type":"","background-media":"","overlay-type":"","overlay-color":"","overlay-opacity":"","overlay-gradient":""},"mobile":{"background-color":"","background-image":"","background-repeat":"repeat","background-position":"center center","background-size":"auto","background-attachment":"scroll","background-type":"","background-media":"","overlay-type":"","overlay-color":"","overlay-opacity":"","overlay-gradient":""}},"ast-content-background-meta":{"desktop":{"background-color":"var(--ast-global-color-5)","background-image":"","background-repeat":"repeat","background-position":"center center","background-size":"auto","background-attachment":"scroll","background-type":"","background-media":"","overlay-type":"","overlay-color":"","overlay-opacity":"","overlay-gradient":""},"tablet":{"background-color":"var(--ast-global-color-5)","background-image":"","background-repeat":"repeat","background-position":"center center","background-size":"auto","background-attachment":"scroll","background-type":"","background-media":"","overlay-type":"","overlay-color":"","overlay-opacity":"","overlay-gradient":""},"mobile":{"background-color":"var(--ast-global-color-5)","background-image":"","background-repeat":"repeat","background-position":"center center","background-size":"auto","background-attachment":"scroll","background-type":"","background-media":"","overlay-type":"","overlay-color":"","overlay-opacity":"","overlay-gradient":""}},"footnotes":""},"class_list":["post-26135","page","type-page","status-publish","hentry"],"_links":{"self":[{"href":"https:\/\/accepta-stb.de\/index.php?rest_route=\/wp\/v2\/pages\/26135","targetHints":{"allow":["GET"]}}],"collection":[{"href":"https:\/\/accepta-stb.de\/index.php?rest_route=\/wp\/v2\/pages"}],"about":[{"href":"https:\/\/accepta-stb.de\/index.php?rest_route=\/wp\/v2\/types\/page"}],"author":[{"embeddable":true,"href":"https:\/\/accepta-stb.de\/index.php?rest_route=\/wp\/v2\/users\/1"}],"replies":[{"embeddable":true,"href":"https:\/\/accepta-stb.de\/index.php?rest_route=%2Fwp%2Fv2%2Fcomments&post=26135"}],"version-history":[{"count":28,"href":"https:\/\/accepta-stb.de\/index.php?rest_route=\/wp\/v2\/pages\/26135\/revisions"}],"predecessor-version":[{"id":26407,"href":"https:\/\/accepta-stb.de\/index.php?rest_route=\/wp\/v2\/pages\/26135\/revisions\/26407"}],"wp:attachment":[{"href":"https:\/\/accepta-stb.de\/index.php?rest_route=%2Fwp%2Fv2%2Fmedia&parent=26135"}],"curies":[{"name":"wp","href":"https:\/\/api.w.org\/{rel}","templated":true}]}}